{"version":"1.0","provider_name":"CENED Cursos Online","provider_url":"https:\/\/cenedcursos.com.br\/meio-ambiente","author_name":"Amarildo R. Ferrari","author_url":"https:\/\/cenedcursos.com.br\/meio-ambiente\/author\/admin\/","title":"Desde os 6 anos, menino cultiva horta no quintal para ajudar crian\u00e7as com fome - CENED Cursos Online","type":"rich","width":600,"height":338,"html":"<blockquote class=\"wp-embedded-content\" data-secret=\"EZsPFUk0BN\"><a href=\"https:\/\/cenedcursos.com.br\/meio-ambiente\/menino-cultiva-horta-ajudar-criancas-com-fome\/\">Desde os 6 anos, menino cultiva horta no quintal para ajudar crian\u00e7as com fome<\/a><\/blockquote><iframe sandbox=\"allow-scripts\" security=\"restricted\" src=\"https:\/\/cenedcursos.com.br\/meio-ambiente\/menino-cultiva-horta-ajudar-criancas-com-fome\/embed\/#?secret=EZsPFUk0BN\" width=\"600\" height=\"338\" title=\"&#8220;Desde os 6 anos, menino cultiva horta no quintal para ajudar crian\u00e7as com fome&#8221; &#8212; CENED Cursos Online\" data-secret=\"EZsPFUk0BN\" frameborder=\"0\" marginwidth=\"0\" marginheight=\"0\" scrolling=\"no\" class=\"wp-embedded-content\"><\/iframe><script type=\"text\/javascript\">\n\/* <![CDATA[ *\/\n\/*! This file is auto-generated *\/\n!function(d,l){\"use strict\";l.querySelector&&d.addEventListener&&\"undefined\"!=typeof URL&&(d.wp=d.wp||{},d.wp.receiveEmbedMessage||(d.wp.receiveEmbedMessage=function(e){var t=e.data;if((t||t.secret||t.message||t.value)&&!\/[^a-zA-Z0-9]\/.test(t.secret)){for(var s,r,n,a=l.querySelectorAll('iframe[data-secret=\"'+t.secret+'\"]'),o=l.querySelectorAll('blockquote[data-secret=\"'+t.secret+'\"]'),c=new RegExp(\"^https?:$\",\"i\"),i=0;i<o.length;i++)o[i].style.display=\"none\";for(i=0;i<a.length;i++)s=a[i],e.source===s.contentWindow&&(s.removeAttribute(\"style\"),\"height\"===t.message?(1e3<(r=parseInt(t.value,10))?r=1e3:~~r<200&&(r=200),s.height=r):\"link\"===t.message&&(r=new URL(s.getAttribute(\"src\")),n=new URL(t.value),c.test(n.protocol))&&n.host===r.host&&l.activeElement===s&&(d.top.location.href=t.value))}},d.addEventListener(\"message\",d.wp.receiveEmbedMessage,!1),l.addEventListener(\"DOMContentLoaded\",function(){for(var e,t,s=l.querySelectorAll(\"iframe.wp-embedded-content\"),r=0;r<s.length;r++)(t=(e=s[r]).getAttribute(\"data-secret\"))||(t=Math.random().toString(36).substring(2,12),e.src+=\"#?secret=\"+t,e.setAttribute(\"data-secret\",t)),e.contentWindow.postMessage({message:\"ready\",secret:t},\"*\")},!1)))}(window,document);\n\/\/# sourceURL=https:\/\/cenedcursos.com.br\/meio-ambiente\/wp-includes\/js\/wp-embed.min.js\n\/* ]]> *\/\n<\/script>\n","thumbnail_url":"https:\/\/cenedcursos.com.br\/meio-ambiente\/wp-content\/uploads\/2017\/07\/Desde-os-6-anos-menino-cultiva-horta-no-quintal-para-ajudar-criancas-com-fome.png","thumbnail_width":768,"thumbnail_height":403,"description":"Desde os\u00a0seis anos,\u00a0Oliver Cillis\u00a0cultiva uma horta no quintal da sua casa para ajudar crian\u00e7as carentes desde 2011. Ap\u00f3s uma viagem de f\u00e9rias com a sua fam\u00edlia, em que Oliver viu\u00a0um grupo de crian\u00e7as revirando uma lixeira, ele ficou\u00a0inconformado demais para n\u00e3o fazer nada. Foi quando teve essa simples, mas grandiosa ideia.\u00a0\u201cPor que n\u00e3o vendemos\u00a0os\u00a0alimentos que [&hellip;]"}

Desde os 6 anos, menino cultiva horta no quintal para ajudar crianças com fome - CENED Cursos Online

<blockquote class="wp-embedded-content" data-secret="EZsPFUk0BN"><a href="https://cenedcursos.com.br/meio-ambiente/menino-cultiva-horta-ajudar-criancas-com-fome/">Desde os 6 anos, menino cultiva horta no quintal para ajudar crianças com fome</a></blockquote><iframe sandbox="allow-scripts" security="restricted" src="https://cenedcursos.com.br/meio-ambiente/menino-cultiva-horta-ajudar-criancas-com-fome/embed/#?secret=EZsPFUk0BN" width="600" height="338" title="&#8220;Desde os 6 anos, menino cultiva horta no quintal para ajudar crianças com fome&#8221; &#8212; CENED Cursos Online" data-secret="EZsPFUk0BN" frameborder="0" marginwidth="0" marginheight="0" scrolling="no" class="wp-embedded-content"></iframe><script type="text/javascript">
/* <![CDATA[ */
/*! This file is auto-generated */
!function(d,l){"use strict";l.querySelector&&d.addEventListener&&"undefined"!=typeof URL&&(d.wp=d.wp||{},d.wp.receiveEmbedMessage||(d.wp.receiveEmbedMessage=function(e){var t=e.data;if((t||t.secret||t.message||t.value)&&!/[^a-zA-Z0-9]/.test(t.secret)){for(var s,r,n,a=l.querySelectorAll('iframe[data-secret="'+t.secret+'"]'),o=l.querySelectorAll('blockquote[data-secret="'+t.secret+'"]'),c=new RegExp("^https?:$","i"),i=0;i<o.length;i++)o[i].style.display="none";for(i=0;i<a.length;i++)s=a[i],e.source===s.contentWindow&&(s.removeAttribute("style"),"height"===t.message?(1e3<(r=parseInt(t.value,10))?r=1e3:~~r<200&&(r=200),s.height=r):"link"===t.message&&(r=new URL(s.getAttribute("src")),n=new URL(t.value),c.test(n.protocol))&&n.host===r.host&&l.activeElement===s&&(d.top.location.href=t.value))}},d.addEventListener("message",d.wp.receiveEmbedMessage,!1),l.addEventListener("DOMContentLoaded",function(){for(var e,t,s=l.querySelectorAll("iframe.wp-embedded-content"),r=0;r<s.length;r++)(t=(e=s[r]).getAttribute("data-secret"))||(t=Math.random().toString(36).substring(2,12),e.src+="#?secret="+t,e.setAttribute("data-secret",t)),e.contentWindow.postMessage({message:"ready",secret:t},"*")},!1)))}(window,document);
//# sourceURL=https://cenedcursos.com.br/meio-ambiente/wp-includes/js/wp-embed.min.js
/* ]]> */
</script>

Desde os seis anos, Oliver Cillis cultiva uma horta no quintal da sua casa para ajudar crianças carentes desde 2011. Após uma viagem de férias com a sua família, em que Oliver viu um grupo de crianças revirando uma lixeira, ele ficou inconformado demais para não fazer nada. Foi quando teve essa simples, mas grandiosa ideia. “Por que não vendemos os alimentos que [&hellip;]
