{"id":965,"date":"2017-03-07T17:07:49","date_gmt":"2017-03-07T17:07:49","guid":{"rendered":"http:\/\/cenedcursos.com.br\/posgraduacao\/?page_id=965"},"modified":"2022-11-28T17:46:23","modified_gmt":"2022-11-28T17:46:23","slug":"duvidas","status":"publish","type":"page","link":"https:\/\/cenedcursos.com.br\/posgraduacao\/duvidas\/","title":{"rendered":"D\u00favidas"},"content":{"rendered":"[vc_row][vc_column][vc_column_text]\n<h2 style=\"text-align: center;\"><strong>Como Funcionam os Cursos de P\u00f3s-Gradua\u00e7\u00e3o<\/strong><\/h2>\n[\/vc_column_text][\/vc_column][\/vc_row][vc_row][vc_column width=&#8221;1\/2&#8243;][vc_toggle title=&#8221;Metodologia&#8221;]\n<p style=\"text-align: justify;\"><span style=\"color: #000000;\">O CENED Cursos oferece os cursos em parceria com a Faculdade \u00danica de Ipatinga que est\u00e1 credenciada junto ao MEC por meio da Portaria n\u00ba 1.004, do dia 17\/08\/2017, para oferta de Ensino a Dist\u00e2ncia (EaD). <\/span><\/p>\n<p style=\"text-align: justify;\"><span style=\"color: #000000;\">Ofertamos Gradua\u00e7\u00e3o, P\u00f3s-Gradua\u00e7\u00e3o, Cursos T\u00e9cnicos, Extens\u00e3o, Aperfei\u00e7oamento e Obten\u00e7\u00e3o de Novo T\u00edtulo por meio do ensino a dist\u00e2ncia, na qual o aluno estuda 100% online, com material did\u00e1tico e avalia\u00e7\u00f5es dispon\u00edveis pela plataforma de ensino e aprendizagem do aluno, que poder\u00e1 ser acessada pelo computador, tablet ou aplicativo, possibilitando que o aluno estude onde, como e quando desejar.<\/span><\/p>\n[\/vc_toggle][vc_toggle title=&#8221;In\u00edcio do Curso&#8221;]\n<p style=\"text-align: justify;\"><span style=\"color: #000000;\">Para iniciar o curso de P\u00f3s-Gradua\u00e7\u00e3o EaD basta ter em m\u00e3os uma declara\u00e7\u00e3o de conclus\u00e3o de curso de gradua\u00e7\u00e3o para fazer sua matr\u00edcula e dar o pontap\u00e9 inicial em sua carreira profissional.<\/span><\/p>\n[\/vc_toggle][vc_toggle title=&#8221;Dura\u00e7\u00e3o do Curso&#8221;]\n<p style=\"text-align: justify;\"><span style=\"color: #000000;\">Os cursos de P\u00f3s-Gradua\u00e7\u00e3o EaD possuem dura\u00e7\u00e3o de 6 (seis) meses, exceto os cursos com carga hor\u00e1ria acima de 1.000 horas e o de Engenharia de Seguran\u00e7a no Trabalho que possuem dura\u00e7\u00e3o m\u00ednima de 12 (doze) meses.<\/span><\/p>\n[\/vc_toggle][vc_toggle title=&#8221;Conv\u00eanios\/Est\u00e1gios Remunerados&#8221;]\n<p style=\"text-align: justify;\"><span style=\"color: #000000;\">A Faculdade \u00danica possui conv\u00eanios com mais de 3.000 empresas e \u00f3rg\u00e3os p\u00fablicos municipais, estaduais e federais para que seus alunos possam usufruir de benef\u00edcios e realizar est\u00e1gios remunerados durante o per\u00edodo que estiver estudando junto \u00e0 Faculdade \u00danica.<\/span><\/p>\n[\/vc_toggle][vc_toggle title=&#8221;Material Did\u00e1tico&#8221;]\n<p style=\"text-align: justify;\"><span style=\"color: #000000;\">O Portal Acad\u00eamico \u00e9 o Ambiente Virtual de Aprendizagem (AVA), online, no qual \u00e9 cumprida a maior parte da carga hor\u00e1ria. \u00c9 por meio do AVA que o acad\u00eamico assiste \u00e0s videoaulas, acessa o material did\u00e1tico e as bibliotecas virtuais, realiza simula\u00e7\u00f5es em laborat\u00f3rios e simuladores virtuais. O acad\u00eamico tem a op\u00e7\u00e3o de acessar o Material Did\u00e1tico de forma online ou em PDF.<\/span><\/p>\n[\/vc_toggle][\/vc_column][vc_column width=&#8221;1\/2&#8243;][vc_toggle title=&#8221;Avalia\u00e7\u00f5es&#8221;]\n<p style=\"text-align: justify;\"><span style=\"color: #000000;\">Todas as avalia\u00e7\u00f5es dos cursos de P\u00f3s-Gradua\u00e7\u00e3o EaD ser\u00e3o liberadas e disponibilizadas na plataforma de ensino e aprendizagem do aluno, mediante os pagamentos das mensalidades do curso e poder\u00e3o ser feitas 100% online, pelo computador, tablet ou aplicativo.<\/span><\/p>\n<p style=\"text-align: justify;\"><span style=\"color: #000000; font-size: 110%;\"><strong>Quais as avalia\u00e7\u00f5es o aluno dever\u00e1 fazer?<\/strong><\/span><\/p>\n<p style=\"text-align: justify;\"><span style=\"color: #000000;\">Durante o curso o aluno vai realizar as seguintes avalia\u00e7\u00f5es: Avalia\u00e7\u00e3o Online, Avalia\u00e7\u00e3o Final e Avalia\u00e7\u00e3o de Recupera\u00e7\u00e3o (<strong>quando necess\u00e1ria<\/strong>).<\/span><\/p>\n<p style=\"text-align: justify;\"><span style=\"color: #000000;\">A avalia\u00e7\u00e3o online cont\u00e9m 10 quest\u00f5es de m\u00faltipla escolha em cada m\u00f3dulo e a avalia\u00e7\u00e3o final cont\u00e9m 5 quest\u00f5es de m\u00faltipla escolha referente ao conte\u00fado de cada m\u00f3dulo estudado.<\/span><\/p>\n<p style=\"text-align: justify;\"><span style=\"color: #000000;\">J\u00e1 a avalia\u00e7\u00e3o de recupera\u00e7\u00e3o ser\u00e1 necess\u00e1ria quando o aluno n\u00e3o alcan\u00e7ar a nota m\u00ednima de 7 pontos para aprova\u00e7\u00e3o. A avalia\u00e7\u00e3o de recupera\u00e7\u00e3o cont\u00e9m 10 quest\u00f5es de m\u00faltipla escolha referente ao m\u00f3dulo a ser recuperado.<\/span><\/p>\n[\/vc_toggle][vc_toggle title=&#8221;Mercado de Trabalho&#8221;]\n<p style=\"text-align: justify;\"><span style=\"color: #000000;\">Um dos pontos fortes do mercado de trabalho \u00e9 que as empresas buscam cada vez mais profissionais que sejam especialistas em suas \u00e1reas de atua\u00e7\u00e3o. Ou seja, quem conclui uma p\u00f3s-gradua\u00e7\u00e3o est\u00e1 muito \u00e0 frente em termos de conhecimento especializado.<\/span><\/p>\n[\/vc_toggle][vc_toggle title=&#8221;Trabalho de Conclus\u00e3o de Curso (TCC) Opcional&#8221;]\n<p style=\"text-align: justify;\"><span style=\"color: #000000;\">Ap\u00f3s a Resolu\u00e7\u00e3o CNE\/CES n\u00ba 1, de 06\/04\/2018, a confec\u00e7\u00e3o e apresenta\u00e7\u00e3o do TCC se tornou opcional, para conclus\u00e3o do curso de P\u00f3s-Gradua\u00e7\u00e3o e recebimento do certificado. Desta forma, o aluno n\u00e3o \u00e9 obrigado a fazer o TCC e muito menos apresent\u00e1-lo. Se, porventura, algum edital de concurso exigir o TCC como prova de t\u00edtulos, posterior \u00e0 conclus\u00e3o do curso de P\u00f3s-Gradua\u00e7\u00e3o, o aluno poder\u00e1 entrar em contato com a Faculdade \u00danica e efetivar a matr\u00edcula no TCC.<\/span><\/p>\n[\/vc_toggle][vc_toggle title=&#8221;Certificado&#8221;]\n<p style=\"text-align: justify;\"><span style=\"color: #000000;\">O Certificado Digital de conclus\u00e3o do curso de P\u00f3s-Gradua\u00e7\u00e3o EaD da Faculdade \u00danica \u00e9 100% gratuito, sendo igual ao certificado do ensino presencial. <\/span><\/p>\n<p style=\"text-align: justify;\"><span style=\"color: #000000;\">O Certificado Digital poder\u00e1 ser emitido pelo pr\u00f3prio aluno a qualquer momento que desejar, ap\u00f3s a conclus\u00e3o do curso e mediante aprova\u00e7\u00e3o em todas as disciplinas e avalia\u00e7\u00f5es. Lembrando que o aluno n\u00e3o poder\u00e1 ter pend\u00eancias administrativas, acad\u00eamicas e financeiras junto \u00e0 Faculdade \u00danica para recebimento do Certificado Digital.<\/span><\/p>\n[\/vc_toggle][vc_toggle title=&#8221;CREA\/MG&#8221;]\n<p style=\"text-align: justify;\"><span style=\"color: #000000;\">Todos os cursos da \u00e1rea de Engenharia da Faculdade \u00danica s\u00e3o credenciados e homologados junto ao CREA\/MG, para que seus alunos possam usufruir de seus direitos, prerrogativas legais e obter suas anota\u00e7\u00f5es junto ao \u00f3rg\u00e3o competente, com validade em todo territ\u00f3rio nacional.<\/span><\/p>\n[\/vc_toggle][vc_toggle title=&#8221;T\u00e9rmino do Curso&#8221;]\n<p style=\"text-align: justify;\"><span style=\"color: #000000;\">Para concluir o curso de P\u00f3s-Gradua\u00e7\u00e3o EaD junto \u00e0 Faculdade \u00danica e receber o certificado, o aluno precisa cumprir alguns pilares obrigat\u00f3rios, os quais s\u00e3o:<\/span><\/p>\n<ul>\n<li style=\"text-align: justify;\" aria-level=\"1\"><span style=\"color: #000000;\">A dura\u00e7\u00e3o m\u00ednima exigida \u00e9 de 6 (seis) meses para a maioria dos os cursos, exceto, cursos acima de 1.000 horas e o de Engenharia de Seguran\u00e7a no Trabalho, que possuem dura\u00e7\u00e3o m\u00ednima de 12(doze) meses;<\/span><\/li>\n<li style=\"text-align: justify;\" aria-level=\"1\"><span style=\"color: #000000;\">Entregar toda documenta\u00e7\u00e3o exigida pela Faculdade \u00danica para emiss\u00e3o do certificado;<\/span><\/li>\n<li style=\"text-align: justify;\" aria-level=\"1\"><span style=\"color: #000000;\">Ser aprovado em todas as disciplinas\/avalia\u00e7\u00f5es e TCC (opcional);<\/span><\/li>\n<li style=\"text-align: justify;\" aria-level=\"1\"><span style=\"color: #000000;\">N\u00e3o possuir pend\u00eancias administrativas, financeiras e acad\u00eamicas junto \u00e0 Faculdade \u00danica.<\/span><\/li>\n<\/ul>\n[\/vc_toggle][\/vc_column][\/vc_row]\n","protected":false},"excerpt":{"rendered":"[vc_row][vc_column][vc_column_text] Como Funcionam os Cursos de P\u00f3s-Gradua\u00e7\u00e3o [\/vc_column_text][\/vc_column][\/vc_row][vc_row][vc_column width=&#8221;1\/2&#8243;][vc_toggle title=&#8221;Metodologia&#8221;] O CENED Cursos oferece os cursos em parceria com a Faculdade \u00danica de Ipatinga que est\u00e1 credenciada junto ao MEC por meio da Portaria n\u00ba 1.004, do dia 17\/08\/2017, para oferta de Ensino a Dist\u00e2ncia (EaD). Ofertamos Gradua\u00e7\u00e3o, P\u00f3s-Gradua\u00e7\u00e3o, Cursos T\u00e9cnicos, Extens\u00e3o, Aperfei\u00e7oamento e Obten\u00e7\u00e3o [&#8230;]\n","protected":false},"author":1,"featured_media":0,"parent":0,"menu_order":0,"comment_status":"closed","ping_status":"closed","template":"","meta":{"jetpack_post_was_ever_published":false,"footnotes":""},"class_list":["post-965","page","type-page","status-publish","hentry"],"yoast_head":"<!-- This site is optimized with the Yoast SEO plugin v22.3 - https:\/\/yoast.com\/wordpress\/plugins\/seo\/ -->\n<title>D\u00favidas - P\u00f3s-Gradua\u00e7\u00e3o \u00e0 Dist\u00e2ncia...Reconhecidos pelo MEC<\/title>\n<meta name=\"robots\" content=\"index, follow, max-snippet:-1, max-image-preview:large, max-video-preview:-1\" \/>\n<link rel=\"canonical\" href=\"https:\/\/cenedcursos.com.br\/posgraduacao\/duvidas\/\" \/>\n<meta property=\"og:locale\" content=\"pt_BR\" \/>\n<meta property=\"og:type\" content=\"article\" \/>\n<meta property=\"og:title\" content=\"D\u00favidas - P\u00f3s-Gradua\u00e7\u00e3o \u00e0 Dist\u00e2ncia...Reconhecidos pelo MEC\" \/>\n<meta property=\"og:description\" content=\"[vc_row][vc_column][vc_column_text] Como Funcionam os Cursos de P\u00f3s-Gradua\u00e7\u00e3o [\/vc_column_text][\/vc_column][\/vc_row][vc_row][vc_column width=&#8221;1\/2&#8243;][vc_toggle title=&#8221;Metodologia&#8221;] O CENED Cursos oferece os cursos em parceria com a Faculdade \u00danica de Ipatinga que est\u00e1 credenciada junto ao MEC por meio da Portaria n\u00ba 1.004, do dia 17\/08\/2017, para oferta de Ensino a Dist\u00e2ncia (EaD). Ofertamos Gradua\u00e7\u00e3o, P\u00f3s-Gradua\u00e7\u00e3o, Cursos T\u00e9cnicos, Extens\u00e3o, Aperfei\u00e7oamento e Obten\u00e7\u00e3o [...]\" \/>\n<meta property=\"og:url\" content=\"https:\/\/cenedcursos.com.br\/posgraduacao\/duvidas\/\" \/>\n<meta property=\"og:site_name\" content=\"P\u00f3s-Gradua\u00e7\u00e3o \u00e0 Dist\u00e2ncia...Reconhecidos pelo MEC\" \/>\n<meta property=\"article:modified_time\" content=\"2022-11-28T17:46:23+00:00\" \/>\n<meta name=\"twitter:card\" content=\"summary_large_image\" \/>\n<meta name=\"twitter:label1\" content=\"Est. tempo de leitura\" \/>\n\t<meta name=\"twitter:data1\" content=\"5 minutos\" \/>\n<script type=\"application\/ld+json\" class=\"yoast-schema-graph\">{\"@context\":\"https:\/\/schema.org\",\"@graph\":[{\"@type\":\"WebPage\",\"@id\":\"https:\/\/cenedcursos.com.br\/posgraduacao\/duvidas\/\",\"url\":\"https:\/\/cenedcursos.com.br\/posgraduacao\/duvidas\/\",\"name\":\"D\u00favidas - P\u00f3s-Gradua\u00e7\u00e3o \u00e0 Dist\u00e2ncia...Reconhecidos pelo MEC\",\"isPartOf\":{\"@id\":\"https:\/\/cenedcursos.com.br\/posgraduacao\/#website\"},\"datePublished\":\"2017-03-07T17:07:49+00:00\",\"dateModified\":\"2022-11-28T17:46:23+00:00\",\"breadcrumb\":{\"@id\":\"https:\/\/cenedcursos.com.br\/posgraduacao\/duvidas\/#breadcrumb\"},\"inLanguage\":\"pt-BR\",\"potentialAction\":[{\"@type\":\"ReadAction\",\"target\":[\"https:\/\/cenedcursos.com.br\/posgraduacao\/duvidas\/\"]}]},{\"@type\":\"BreadcrumbList\",\"@id\":\"https:\/\/cenedcursos.com.br\/posgraduacao\/duvidas\/#breadcrumb\",\"itemListElement\":[{\"@type\":\"ListItem\",\"position\":1,\"name\":\"Home\",\"item\":\"https:\/\/cenedcursos.com.br\/posgraduacao\/\"},{\"@type\":\"ListItem\",\"position\":2,\"name\":\"D\u00favidas\"}]},{\"@type\":\"WebSite\",\"@id\":\"https:\/\/cenedcursos.com.br\/posgraduacao\/#website\",\"url\":\"https:\/\/cenedcursos.com.br\/posgraduacao\/\",\"name\":\"P\u00f3s-Gradua\u00e7\u00e3o \u00e0 Dist\u00e2ncia...Reconhecidos pelo MEC\",\"description\":\"Diversos Cursos de P\u00f3s-Gradua\u00e7\u00e3o a Dist\u00e2ncia Reconhecidos pelo MEC e certificados pela Universidade C\u00e2ndido Mendes (UCAM)\",\"potentialAction\":[{\"@type\":\"SearchAction\",\"target\":{\"@type\":\"EntryPoint\",\"urlTemplate\":\"https:\/\/cenedcursos.com.br\/posgraduacao\/?s={search_term_string}\"},\"query-input\":\"required name=search_term_string\"}],\"inLanguage\":\"pt-BR\"}]}<\/script>\n<!-- \/ Yoast SEO plugin. -->","yoast_head_json":{"title":"D\u00favidas - P\u00f3s-Gradua\u00e7\u00e3o \u00e0 Dist\u00e2ncia...Reconhecidos pelo MEC","robots":{"index":"index","follow":"follow","max-snippet":"max-snippet:-1","max-image-preview":"max-image-preview:large","max-video-preview":"max-video-preview:-1"},"canonical":"https:\/\/cenedcursos.com.br\/posgraduacao\/duvidas\/","og_locale":"pt_BR","og_type":"article","og_title":"D\u00favidas - P\u00f3s-Gradua\u00e7\u00e3o \u00e0 Dist\u00e2ncia...Reconhecidos pelo MEC","og_description":"[vc_row][vc_column][vc_column_text] Como Funcionam os Cursos de P\u00f3s-Gradua\u00e7\u00e3o [\/vc_column_text][\/vc_column][\/vc_row][vc_row][vc_column width=&#8221;1\/2&#8243;][vc_toggle title=&#8221;Metodologia&#8221;] O CENED Cursos oferece os cursos em parceria com a Faculdade \u00danica de Ipatinga que est\u00e1 credenciada junto ao MEC por meio da Portaria n\u00ba 1.004, do dia 17\/08\/2017, para oferta de Ensino a Dist\u00e2ncia (EaD). Ofertamos Gradua\u00e7\u00e3o, P\u00f3s-Gradua\u00e7\u00e3o, Cursos T\u00e9cnicos, Extens\u00e3o, Aperfei\u00e7oamento e Obten\u00e7\u00e3o [...]","og_url":"https:\/\/cenedcursos.com.br\/posgraduacao\/duvidas\/","og_site_name":"P\u00f3s-Gradua\u00e7\u00e3o \u00e0 Dist\u00e2ncia...Reconhecidos pelo MEC","article_modified_time":"2022-11-28T17:46:23+00:00","twitter_card":"summary_large_image","twitter_misc":{"Est. tempo de leitura":"5 minutos"},"schema":{"@context":"https:\/\/schema.org","@graph":[{"@type":"WebPage","@id":"https:\/\/cenedcursos.com.br\/posgraduacao\/duvidas\/","url":"https:\/\/cenedcursos.com.br\/posgraduacao\/duvidas\/","name":"D\u00favidas - P\u00f3s-Gradua\u00e7\u00e3o \u00e0 Dist\u00e2ncia...Reconhecidos pelo MEC","isPartOf":{"@id":"https:\/\/cenedcursos.com.br\/posgraduacao\/#website"},"datePublished":"2017-03-07T17:07:49+00:00","dateModified":"2022-11-28T17:46:23+00:00","breadcrumb":{"@id":"https:\/\/cenedcursos.com.br\/posgraduacao\/duvidas\/#breadcrumb"},"inLanguage":"pt-BR","potentialAction":[{"@type":"ReadAction","target":["https:\/\/cenedcursos.com.br\/posgraduacao\/duvidas\/"]}]},{"@type":"BreadcrumbList","@id":"https:\/\/cenedcursos.com.br\/posgraduacao\/duvidas\/#breadcrumb","itemListElement":[{"@type":"ListItem","position":1,"name":"Home","item":"https:\/\/cenedcursos.com.br\/posgraduacao\/"},{"@type":"ListItem","position":2,"name":"D\u00favidas"}]},{"@type":"WebSite","@id":"https:\/\/cenedcursos.com.br\/posgraduacao\/#website","url":"https:\/\/cenedcursos.com.br\/posgraduacao\/","name":"P\u00f3s-Gradua\u00e7\u00e3o \u00e0 Dist\u00e2ncia...Reconhecidos pelo MEC","description":"Diversos Cursos de P\u00f3s-Gradua\u00e7\u00e3o a Dist\u00e2ncia Reconhecidos pelo MEC e certificados pela Universidade C\u00e2ndido Mendes (UCAM)","potentialAction":[{"@type":"SearchAction","target":{"@type":"EntryPoint","urlTemplate":"https:\/\/cenedcursos.com.br\/posgraduacao\/?s={search_term_string}"},"query-input":"required name=search_term_string"}],"inLanguage":"pt-BR"}]}},"jetpack_sharing_enabled":true,"jetpack_shortlink":"https:\/\/wp.me\/P8qqjD-fz","_links":{"self":[{"href":"https:\/\/cenedcursos.com.br\/posgraduacao\/wp-json\/wp\/v2\/pages\/965","targetHints":{"allow":["GET"]}}],"collection":[{"href":"https:\/\/cenedcursos.com.br\/posgraduacao\/wp-json\/wp\/v2\/pages"}],"about":[{"href":"https:\/\/cenedcursos.com.br\/posgraduacao\/wp-json\/wp\/v2\/types\/page"}],"author":[{"embeddable":true,"href":"https:\/\/cenedcursos.com.br\/posgraduacao\/wp-json\/wp\/v2\/users\/1"}],"replies":[{"embeddable":true,"href":"https:\/\/cenedcursos.com.br\/posgraduacao\/wp-json\/wp\/v2\/comments?post=965"}],"version-history":[{"count":0,"href":"https:\/\/cenedcursos.com.br\/posgraduacao\/wp-json\/wp\/v2\/pages\/965\/revisions"}],"wp:attachment":[{"href":"https:\/\/cenedcursos.com.br\/posgraduacao\/wp-json\/wp\/v2\/media?parent=965"}],"curies":[{"name":"wp","href":"https:\/\/api.w.org\/{rel}","templated":true}]}}