{"id":16708,"date":"2021-02-18T17:37:54","date_gmt":"2021-02-18T17:37:54","guid":{"rendered":"https:\/\/cenedcursos.com.br\/posgraduacao\/?post_type=product&#038;p=16708"},"modified":"2022-10-06T18:45:03","modified_gmt":"2022-10-06T18:45:03","slug":"pos-graduacao-em-geoprocessamento","status":"publish","type":"product","link":"https:\/\/cenedcursos.com.br\/posgraduacao\/produto\/pos-graduacao-em-geoprocessamento\/","title":{"rendered":"P\u00f3s-Gradua\u00e7\u00e3o em Geoprocessamento"},"content":{"rendered":"<p style=\"text-align: justify;\"><span style=\"font-size: 140%; color: #000000;\"><strong>P\u00f3s-Gradua\u00e7\u00e3o em Geoprocessamento<\/strong><\/span><\/p>\n<p style=\"text-align: justify;\"><span style=\"color: #000000;\">O Curso de P\u00f3s-Gradua\u00e7\u00e3o em Geoprocessamento busca desenvolver um n\u00edvel de conhecimento e aplica\u00e7\u00e3o dos conceitos e defini\u00e7\u00f5es b\u00e1sicas da Cartografia Tem\u00e1tica, de tal forma que possibilite aos acad\u00eamicos dos cursos de Geografia a aplica\u00e7\u00e3o dos m\u00e9todos da cartografia tem\u00e1tica na espacializa\u00e7\u00e3o dos fen\u00f4menos e\/ou fatos de ocorr\u00eancia no espa\u00e7o geogr\u00e1fico, conduzindo \u00e0 correta utiliza\u00e7\u00e3o das cartas mapas e tem\u00e1ticos, tanto tipol\u00f3gicos (qualitativos) quanto quantitativos (estat\u00edsticos).<\/span><\/p>\n<h4 id=\"ui-id-3\" class=\"qodef-accordion-title ui-accordion-header ui-state-default ui-accordion-header-active ui-state-active ui-corner-top ui-state-hover\" style=\"text-align: justify;\" tabindex=\"0\" role=\"tab\" aria-controls=\"ui-id-4\" aria-selected=\"true\" aria-expanded=\"true\"><strong><span class=\"qodef-tab-title\" style=\"color: #000000;\">Objetivo<\/span><\/strong><\/h4>\n<div id=\"ui-id-4\" class=\"qodef-accordion-content ui-accordion-content ui-helper-reset ui-widget-content ui-corner-bottom ui-accordion-content-active\" style=\"text-align: justify;\" role=\"tabpanel\" aria-labelledby=\"ui-id-3\" aria-hidden=\"false\">\n<div class=\"qodef-accordion-content-inner\">\n<div class=\"wpb_text_column wpb_content_element \">\n<div class=\"wpb_wrapper\"><span style=\"color: #000000;\">Desenvolver conceitos de Cartografia e Geod\u00e9sia, introdu\u00e7\u00e3o \u00e0 Topografia, normas do levantamento topogr\u00e1fico, medi\u00e7\u00f5es, erros e corre\u00e7\u00f5es, \u00e2ngulos e dire\u00e7\u00f5es, ajustamentos, m\u00e9todos e medidas de posicionamento geod\u00e9sico, levantamento topogr\u00e1fico, topografia aplicada ao georreferenciamento, desenho topogr\u00e1fico.<\/span><\/div>\n<\/div>\n<\/div>\n<\/div>\n<h4 id=\"ui-id-5\" class=\"qodef-accordion-title ui-accordion-header ui-state-default ui-corner-all ui-state-focus\" style=\"text-align: justify;\" tabindex=\"-1\" role=\"tab\" aria-controls=\"ui-id-6\" aria-selected=\"false\" aria-expanded=\"false\"><strong><span class=\"qodef-tab-title\" style=\"color: #000000;\">P\u00fablico Alvo<\/span><\/strong><\/h4>\n<p style=\"text-align: justify;\"><span style=\"color: #000000;\">O curso de P\u00f3s-Gradua\u00e7\u00e3o em Geoprocessamento \u00e9 destinado a graduados em Geologia, Geografia, Engenharia Civil, Arquitetura e que desejam atuar na \u00e1rea de geoprocessamentos, como tamb\u00e9m as demais profissionais portadores de diploma de gradua\u00e7\u00e3o que se interessam e desejam adquirir conhecimento sobre na \u00e1rea.<\/span><\/p>\n<table style=\"width: 79.8073%;\" width=\"220\">\n<tbody>\n<tr>\n<th style=\"width: 13.1672%;\"><span style=\"color: #000000;\">M\u00d3DULO<\/span><\/th>\n<th style=\"width: 75.296%;\"><span style=\"color: #000000;\">DISCIPLINA<\/span><\/th>\n<th style=\"width: 158.911%;\"><span style=\"color: #000000;\">CH<\/span><\/th>\n<\/tr>\n<tr>\n<th style=\"width: 13.1672%;\"><span style=\"color: #000000;\">1<\/span><\/th>\n<td style=\"width: 75.296%;\">\n<div class=\"qodef-accordion-holder qodef-ac-default qodef-toggle clearfix accordion ui-accordion ui-accordion-icons ui-widget ui-helper-reset\">\n<h4 class=\"qodef-accordion-title ui-accordion-header ui-corner-top ui-accordion-header-active ui-state-active ui-state-hover\"><strong><span class=\"qodef-tab-title\" style=\"color: #000000;\">Metodologia do Trabalho Cient\u00edfico<\/span><\/strong><\/h4>\n<div class=\"qodef-accordion-content ui-accordion-content ui-helper-reset ui-widget-content ui-corner-bottom ui-accordion-content-active\" role=\"tabpanel\" aria-hidden=\"true\">\n<div class=\"qodef-accordion-content-inner\">\n<div class=\"wpb_text_column wpb_content_element\">\n<div class=\"wpb_wrapper\">\n<p style=\"text-align: justify;\"><span style=\"color: #000000;\">Conceitos de Ci\u00eancia; M\u00e9todo Cient\u00edfico; Hip\u00f3teses; Vari\u00e1veis; Probabilidade; Validade; Fidedignidade; Amostragem; Delineamentos De Pesquisa; Metodologia Qualitativa e Quantitativa; Aplica\u00e7\u00e3o de Question\u00e1rio em Pesquisas; Caracteriza\u00e7\u00e3o da Linguagem Cient\u00edfica e do Sistema de Produ\u00e7\u00e3o Cient\u00edfico; Elabora\u00e7\u00e3o de Pesquisa Acad\u00eamico-Cient\u00edfica; \u00c9tica na Pesquisa; T\u00e9cnicas de Apresenta\u00e7\u00e3o. Resumo Cient\u00edfico; Artigo Cient\u00edfico; Ficha Catalogr\u00e1fica, Pr\u00e9 Projeto de Pesquisa, Resenha, Relat\u00f3rios de Pesquisa, Fichamento.<\/span><\/p>\n<\/div>\n<\/div>\n<\/div>\n<\/div>\n<\/div>\n<\/td>\n<td style=\"width: 158.911%;\"><span style=\"color: #000000;\">80h<\/span><\/td>\n<\/tr>\n<tr>\n<th style=\"width: 13.1672%;\"><span style=\"color: #000000;\">2<\/span><\/th>\n<td style=\"width: 75.296%;\">\n<div class=\"qodef-accordion-holder qodef-ac-default qodef-toggle clearfix accordion ui-accordion ui-accordion-icons ui-widget ui-helper-reset\">\n<h4 class=\"qodef-accordion-title ui-accordion-header ui-corner-top ui-accordion-header-active ui-state-active ui-state-hover\"><strong><span class=\"qodef-tab-title\" style=\"color: #000000;\">Introdu\u00e7\u00e3o ao Geoprocessamento e Georreferenciamento<\/span><\/strong><\/h4>\n<div class=\"qodef-accordion-content ui-accordion-content ui-helper-reset ui-widget-content ui-corner-bottom ui-accordion-content-active\" role=\"tabpanel\" aria-hidden=\"true\">\n<div class=\"qodef-accordion-content-inner\">\n<div class=\"wpb_text_column wpb_content_element\">\n<div class=\"wpb_wrapper\">\n<p style=\"text-align: justify;\"><span style=\"color: #000000;\">Geoprocessamento (Conceitos e defini\u00e7\u00f5es; T\u00e9cnicas e usos relacionados ao geoprocessamento; Um pouco de hist\u00f3ria; Orienta\u00e7\u00e3o a objetos); Epistemologia da Ci\u00eancia da Geoinforma\u00e7\u00e3o; Interdisciplinaridade: Cartografia x Geoinforma\u00e7\u00e3o; A Urbaniza\u00e7\u00e3o Brasileira, Os Problemas Sociais e Aplica\u00e7\u00f5es do Geoprocessamento das Informa\u00e7\u00f5es (Desenvolvimento sustent\u00e1vel e qualidade de vida; Urbaniza\u00e7\u00e3o brasileira e os problemas sociais; Geoprocessamento e combate a criminalidade); Georreferenciamento.<\/span><\/p>\n<\/div>\n<\/div>\n<\/div>\n<\/div>\n<\/div>\n<\/td>\n<td style=\"width: 158.911%;\"><span style=\"color: #000000;\">80h<\/span><\/td>\n<\/tr>\n<tr>\n<th style=\"width: 13.1672%; text-align: justify;\"><span style=\"color: #000000;\">3<\/span><\/th>\n<td style=\"width: 75.296%;\">\n<div class=\"qodef-accordion-holder qodef-ac-default qodef-toggle clearfix accordion ui-accordion ui-accordion-icons ui-widget ui-helper-reset\">\n<h4 class=\"qodef-accordion-title ui-accordion-header ui-corner-top ui-accordion-header-active ui-state-active ui-state-hover\" style=\"text-align: justify;\"><strong><span class=\"qodef-tab-title\" style=\"color: #000000;\">Cartografia<\/span><\/strong><\/h4>\n<div class=\"qodef-accordion-content ui-accordion-content ui-helper-reset ui-widget-content ui-corner-bottom ui-accordion-content-active\" role=\"tabpanel\" aria-hidden=\"true\">\n<div class=\"qodef-accordion-content-inner\">\n<div class=\"wpb_text_column wpb_content_element\">\n<div class=\"wpb_wrapper\">\n<p style=\"text-align: justify;\"><span style=\"color: #000000;\">Princ\u00edpios e Natureza da Cartografia; Representa\u00e7\u00e3o Cartogr\u00e1fica; Localiza\u00e7\u00e3o de Pontos; Proje\u00e7\u00e3o e Coordenadas; Fusos Hor\u00e1rios.<\/span><\/p>\n<\/div>\n<\/div>\n<\/div>\n<\/div>\n<\/div>\n<\/td>\n<td style=\"width: 158.911%;\"><span style=\"color: #000000;\">80h<\/span><\/td>\n<\/tr>\n<tr>\n<th style=\"width: 13.1672%;\"><span style=\"color: #000000;\">4<\/span><\/th>\n<td style=\"width: 75.296%;\">\n<div class=\"qodef-accordion-holder qodef-ac-default qodef-toggle clearfix accordion ui-accordion ui-accordion-icons ui-widget ui-helper-reset\">\n<h4 class=\"qodef-accordion-title ui-accordion-header ui-corner-top ui-accordion-header-active ui-state-active ui-state-hover\"><strong><span class=\"qodef-tab-title\" style=\"color: #000000;\">Topografia e Geoprocessamento Aplicados<\/span><\/strong><\/h4>\n<div class=\"qodef-accordion-content ui-accordion-content ui-helper-reset ui-widget-content ui-corner-bottom ui-accordion-content-active\" role=\"tabpanel\" aria-hidden=\"true\">\n<div class=\"qodef-accordion-content-inner\">\n<div class=\"wpb_text_column wpb_content_element\">\n<div class=\"wpb_wrapper\">\n<p style=\"text-align: justify;\"><span style=\"color: #000000;\">Geod\u00e9sia; Topografia; Aplica\u00e7\u00f5es de Geoprocessamento; Cartografia Tem\u00e1tica; Aplica\u00e7\u00e3o Pr\u00e1tica das Cartas Topogr\u00e1ficas.<\/span><\/p>\n<\/div>\n<\/div>\n<\/div>\n<\/div>\n<\/div>\n<\/td>\n<td style=\"width: 158.911%;\"><span style=\"color: #000000;\">80h<\/span><\/td>\n<\/tr>\n<tr>\n<th style=\"width: 13.1672%;\"><span style=\"color: #000000;\">5<\/span><\/th>\n<td style=\"width: 75.296%;\">\n<div class=\"qodef-accordion-holder qodef-ac-default qodef-toggle clearfix accordion ui-accordion ui-accordion-icons ui-widget ui-helper-reset\">\n<h4 class=\"qodef-accordion-title ui-accordion-header ui-corner-top ui-accordion-header-active ui-state-active ui-state-hover\"><strong><span class=\"qodef-tab-title\" style=\"color: #000000;\">Legisla\u00e7\u00e3o e Normas T\u00e9cnicas do INCRA para Georreferenciamento<\/span><\/strong><\/h4>\n<div class=\"qodef-accordion-content ui-accordion-content ui-helper-reset ui-widget-content ui-corner-bottom ui-accordion-content-active\" role=\"tabpanel\" aria-hidden=\"true\">\n<div class=\"qodef-accordion-content-inner\">\n<div class=\"wpb_text_column wpb_content_element\">\n<div class=\"wpb_wrapper\">\n<p style=\"text-align: justify;\"><span style=\"color: #000000;\">Conceitos B\u00e1sicos; O Im\u00f3vel Rural; Coordenadas dos V\u00e9rtices para Identifica\u00e7\u00e3o do Im\u00f3vel Rural; Credenciamento e Certifica\u00e7\u00e3o; Registro de Im\u00f3veis no Georreferenciamento.<\/span><\/p>\n<\/div>\n<\/div>\n<\/div>\n<\/div>\n<\/div>\n<\/td>\n<td style=\"width: 158.911%;\"><span style=\"color: #000000;\">60h<\/span><\/td>\n<\/tr>\n<tr>\n<th style=\"width: 13.1672%;\"><span style=\"color: #000000;\">6<\/span><\/th>\n<td style=\"width: 75.296%;\">\n<div class=\"qodef-accordion-holder qodef-ac-default qodef-toggle clearfix accordion ui-accordion ui-accordion-icons ui-widget ui-helper-reset\">\n<h4 class=\"qodef-accordion-title ui-accordion-header ui-corner-top ui-accordion-header-active ui-state-active ui-state-hover\"><strong><span class=\"qodef-tab-title\" style=\"color: #000000;\">Sensoriamento Remoto<\/span><\/strong><\/h4>\n<div class=\"qodef-accordion-content ui-accordion-content ui-helper-reset ui-widget-content ui-corner-bottom ui-accordion-content-active\" role=\"tabpanel\" aria-hidden=\"true\">\n<div class=\"qodef-accordion-content-inner\">\n<div class=\"wpb_text_column wpb_content_element\">\n<div class=\"wpb_wrapper\">\n<p style=\"text-align: justify;\"><span style=\"color: #000000;\">No\u00e7\u00f5es B\u00e1sicas de Sensoriamento Remoto; Radia\u00e7\u00e3o Eletromagn\u00e9tica; Sistemas Sensores e Orbitais; Avalia\u00e7\u00e3o de Imagens de Sat\u00e9lites; Uso Pedag\u00f3gico de Dados do Sensoriamento Remoto.<\/span><\/p>\n<\/div>\n<\/div>\n<\/div>\n<\/div>\n<\/div>\n<\/td>\n<td style=\"width: 158.911%;\"><span style=\"color: #000000;\">60h<\/span><\/td>\n<\/tr>\n<tr>\n<th style=\"width: 13.1672%;\"><span style=\"color: #000000;\">7<\/span><\/th>\n<td style=\"width: 75.296%;\">\n<div class=\"qodef-accordion-holder qodef-ac-default qodef-toggle clearfix accordion ui-accordion ui-accordion-icons ui-widget ui-helper-reset\">\n<h4 class=\"qodef-accordion-title ui-accordion-header ui-corner-top ui-accordion-header-active ui-state-active ui-state-hover\"><strong><span class=\"qodef-tab-title\" style=\"color: #000000;\">Fotogrametria e Fotointerpreta\u00e7\u00e3o<\/span><\/strong><\/h4>\n<div class=\"qodef-accordion-content ui-accordion-content ui-helper-reset ui-widget-content ui-corner-bottom ui-accordion-content-active\" role=\"tabpanel\" aria-hidden=\"true\">\n<div class=\"qodef-accordion-content-inner\">\n<div class=\"wpb_text_column wpb_content_element\">\n<div class=\"wpb_wrapper\">\n<p style=\"text-align: justify;\"><span style=\"color: #000000;\">Fotogrametria; O Processo Fotogr\u00e1fico; Fotogrametria Aplicada; Aerofotogrametria X Sensoriamento Remoto; Estereoscopia; Fotointerpreta\u00e7\u00e3o.<\/span><\/p>\n<\/div>\n<\/div>\n<\/div>\n<\/div>\n<\/div>\n<\/td>\n<td style=\"width: 158.911%;\"><span style=\"color: #000000;\">60h<\/span><\/td>\n<\/tr>\n<tr>\n<th style=\"width: 13.1672%;\"><span style=\"color: #000000;\">8<\/span><\/th>\n<td style=\"width: 75.296%;\">\n<div class=\"qodef-accordion-holder qodef-ac-default qodef-toggle clearfix accordion ui-accordion ui-accordion-icons ui-widget ui-helper-reset\">\n<h4 class=\"qodef-accordion-title ui-accordion-header ui-corner-top ui-accordion-header-active ui-state-active ui-state-hover\"><strong><span class=\"qodef-tab-title\" style=\"color: #000000;\">Sistemas de Informa\u00e7\u00f5es Geogr\u00e1ficas<\/span><\/strong><\/h4>\n<div class=\"qodef-accordion-content ui-accordion-content ui-helper-reset ui-widget-content ui-corner-bottom ui-accordion-content-active\" role=\"tabpanel\" aria-hidden=\"true\">\n<div class=\"qodef-accordion-content-inner\">\n<div class=\"wpb_text_column wpb_content_element\">\n<div class=\"wpb_wrapper\">\n<p style=\"text-align: justify;\"><span style=\"color: #000000;\">Sistemas de Informa\u00e7\u00f5es Geogr\u00e1ficas ? SIG; Elementos de um SIG; Arquitetura dos SIGs; Aplica\u00e7\u00f5es dos SIGs.<\/span><\/p>\n<\/div>\n<\/div>\n<\/div>\n<\/div>\n<\/div>\n<\/td>\n<td style=\"width: 158.911%;\"><span style=\"color: #000000;\">60h<\/span><\/td>\n<\/tr>\n<tr>\n<th style=\"width: 13.1672%;\"><span style=\"color: #000000;\"><strong>TOTAL<\/strong><\/span><\/th>\n<td style=\"width: 234.207%;\" colspan=\"2\"><span style=\"color: #000000;\"><strong>560h<\/strong><\/span><\/td>\n<\/tr>\n<\/tbody>\n<\/table>\n<p style=\"text-align: justify;\">\n","protected":false},"excerpt":{"rendered":"<h2><\/h2>\n<a data-animate=\"blurIn\" href=\"http:\/\/cenedcursos.com.br\/posgraduacao\/?add-to-cart=16711\" target=\"_self\" class=\"button primary is-larger box-shadow-4 expand\"  >\n    <span>Fa\u00e7a Aqui sua Matr\u00edcula<\/span>\n  <i class=\"icon-shopping-bag\" ><\/i><\/a>\n\n","protected":false},"featured_media":16710,"template":"","meta":{"jetpack_post_was_ever_published":false,"jetpack_publicize_message":"","jetpack_publicize_feature_enabled":true,"jetpack_social_post_already_shared":true,"jetpack_social_options":{"image_generator_settings":{"template":"highway","enabled":false}}},"product_brand":[],"product_cat":[105],"product_tag":[176,228],"class_list":{"0":"post-16708","1":"product","2":"type-product","3":"status-publish","4":"has-post-thumbnail","6":"product_cat-engenharia","7":"product_tag-engenharia-eletrica","8":"product_tag-instalacoes-eletricas-industriais","10":"first","11":"instock","12":"sale","13":"featured","14":"shipping-taxable","15":"product-type-simple"},"jetpack_publicize_connections":[],"yoast_head":"<!-- This site is optimized with the Yoast SEO plugin v22.3 - https:\/\/yoast.com\/wordpress\/plugins\/seo\/ -->\n<title>P\u00f3s-Gradua\u00e7\u00e3o em Geoprocessamento - Totalmente Online<\/title>\n<meta name=\"description\" content=\"O Curso de P\u00f3s-Gradua\u00e7\u00e3o em Geoprocessamento traz a aplica\u00e7\u00e3o dos conceitos e defini\u00e7\u00f5es b\u00e1sicas da Cartografia Tem\u00e1tica, de tal forma que\" \/>\n<meta name=\"robots\" content=\"index, follow, max-snippet:-1, max-image-preview:large, max-video-preview:-1\" \/>\n<link rel=\"canonical\" href=\"https:\/\/cenedcursos.com.br\/posgraduacao\/produto\/pos-graduacao-em-geoprocessamento\/\" \/>\n<meta property=\"og:locale\" content=\"pt_BR\" \/>\n<meta property=\"og:type\" content=\"article\" \/>\n<meta property=\"og:title\" content=\"P\u00f3s-Gradua\u00e7\u00e3o em Geoprocessamento - Totalmente Online\" \/>\n<meta property=\"og:description\" content=\"O Curso de P\u00f3s-Gradua\u00e7\u00e3o em Geoprocessamento traz a aplica\u00e7\u00e3o dos conceitos e defini\u00e7\u00f5es b\u00e1sicas da Cartografia Tem\u00e1tica, de tal forma que\" \/>\n<meta property=\"og:url\" content=\"https:\/\/cenedcursos.com.br\/posgraduacao\/produto\/pos-graduacao-em-geoprocessamento\/\" \/>\n<meta property=\"og:site_name\" content=\"P\u00f3s-Gradua\u00e7\u00e3o \u00e0 Dist\u00e2ncia...Reconhecidos pelo MEC\" \/>\n<meta property=\"article:modified_time\" content=\"2022-10-06T18:45:03+00:00\" \/>\n<meta property=\"og:image\" content=\"https:\/\/cenedcursos.com.br\/posgraduacao\/wp-content\/uploads\/2021\/02\/pos-em-geoprocessamento.jpg\" \/>\n\t<meta property=\"og:image:width\" content=\"1280\" \/>\n\t<meta property=\"og:image:height\" content=\"720\" \/>\n\t<meta property=\"og:image:type\" content=\"image\/jpeg\" \/>\n<meta name=\"twitter:card\" content=\"summary_large_image\" \/>\n<meta name=\"twitter:title\" content=\"P\u00f3s-Gradua\u00e7\u00e3o em Geoprocessamento - Totalmente Online\" \/>\n<meta name=\"twitter:description\" content=\"O Curso de P\u00f3s-Gradua\u00e7\u00e3o em Geoprocessamento traz a aplica\u00e7\u00e3o dos conceitos e defini\u00e7\u00f5es b\u00e1sicas da Cartografia Tem\u00e1tica, de tal forma que\" \/>\n<meta name=\"twitter:image\" content=\"https:\/\/cenedcursos.com.br\/posgraduacao\/wp-content\/uploads\/2021\/02\/pos-em-geoprocessamento.jpg\" \/>\n<meta name=\"twitter:label1\" content=\"Est. tempo de leitura\" \/>\n\t<meta name=\"twitter:data1\" content=\"2 minutos\" \/>\n<script type=\"application\/ld+json\" class=\"yoast-schema-graph\">{\"@context\":\"https:\/\/schema.org\",\"@graph\":[{\"@type\":\"WebPage\",\"@id\":\"https:\/\/cenedcursos.com.br\/posgraduacao\/produto\/pos-graduacao-em-geoprocessamento\/\",\"url\":\"https:\/\/cenedcursos.com.br\/posgraduacao\/produto\/pos-graduacao-em-geoprocessamento\/\",\"name\":\"P\u00f3s-Gradua\u00e7\u00e3o em Geoprocessamento - Totalmente Online\",\"isPartOf\":{\"@id\":\"https:\/\/cenedcursos.com.br\/posgraduacao\/#website\"},\"primaryImageOfPage\":{\"@id\":\"https:\/\/cenedcursos.com.br\/posgraduacao\/produto\/pos-graduacao-em-geoprocessamento\/#primaryimage\"},\"image\":{\"@id\":\"https:\/\/cenedcursos.com.br\/posgraduacao\/produto\/pos-graduacao-em-geoprocessamento\/#primaryimage\"},\"thumbnailUrl\":\"https:\/\/cenedcursos.com.br\/posgraduacao\/wp-content\/uploads\/2021\/02\/pos-em-geoprocessamento.jpg\",\"datePublished\":\"2021-02-18T17:37:54+00:00\",\"dateModified\":\"2022-10-06T18:45:03+00:00\",\"description\":\"O Curso de P\u00f3s-Gradua\u00e7\u00e3o em Geoprocessamento traz a aplica\u00e7\u00e3o dos conceitos e defini\u00e7\u00f5es b\u00e1sicas da Cartografia Tem\u00e1tica, de tal forma que\",\"breadcrumb\":{\"@id\":\"https:\/\/cenedcursos.com.br\/posgraduacao\/produto\/pos-graduacao-em-geoprocessamento\/#breadcrumb\"},\"inLanguage\":\"pt-BR\",\"potentialAction\":[{\"@type\":\"ReadAction\",\"target\":[\"https:\/\/cenedcursos.com.br\/posgraduacao\/produto\/pos-graduacao-em-geoprocessamento\/\"]}]},{\"@type\":\"ImageObject\",\"inLanguage\":\"pt-BR\",\"@id\":\"https:\/\/cenedcursos.com.br\/posgraduacao\/produto\/pos-graduacao-em-geoprocessamento\/#primaryimage\",\"url\":\"https:\/\/cenedcursos.com.br\/posgraduacao\/wp-content\/uploads\/2021\/02\/pos-em-geoprocessamento.jpg\",\"contentUrl\":\"https:\/\/cenedcursos.com.br\/posgraduacao\/wp-content\/uploads\/2021\/02\/pos-em-geoprocessamento.jpg\",\"width\":1280,\"height\":720,\"caption\":\"p\u00f3s-gradua\u00e7\u00e3o em geoprocessamento\"},{\"@type\":\"BreadcrumbList\",\"@id\":\"https:\/\/cenedcursos.com.br\/posgraduacao\/produto\/pos-graduacao-em-geoprocessamento\/#breadcrumb\",\"itemListElement\":[{\"@type\":\"ListItem\",\"position\":1,\"name\":\"Home\",\"item\":\"https:\/\/cenedcursos.com.br\/posgraduacao\/\"},{\"@type\":\"ListItem\",\"position\":2,\"name\":\"Cursos\",\"item\":\"https:\/\/cenedcursos.com.br\/posgraduacao\/todos-os-cursos\/\"},{\"@type\":\"ListItem\",\"position\":3,\"name\":\"P\u00f3s-Gradua\u00e7\u00e3o em Geoprocessamento\"}]},{\"@type\":\"WebSite\",\"@id\":\"https:\/\/cenedcursos.com.br\/posgraduacao\/#website\",\"url\":\"https:\/\/cenedcursos.com.br\/posgraduacao\/\",\"name\":\"P\u00f3s-Gradua\u00e7\u00e3o \u00e0 Dist\u00e2ncia...Reconhecidos pelo MEC\",\"description\":\"Diversos Cursos de P\u00f3s-Gradua\u00e7\u00e3o a Dist\u00e2ncia Reconhecidos pelo MEC e certificados pela Universidade C\u00e2ndido Mendes (UCAM)\",\"potentialAction\":[{\"@type\":\"SearchAction\",\"target\":{\"@type\":\"EntryPoint\",\"urlTemplate\":\"https:\/\/cenedcursos.com.br\/posgraduacao\/?s={search_term_string}\"},\"query-input\":\"required name=search_term_string\"}],\"inLanguage\":\"pt-BR\"}]}<\/script>\n<!-- \/ Yoast SEO plugin. -->","yoast_head_json":{"title":"P\u00f3s-Gradua\u00e7\u00e3o em Geoprocessamento - Totalmente Online","description":"O Curso de P\u00f3s-Gradua\u00e7\u00e3o em Geoprocessamento traz a aplica\u00e7\u00e3o dos conceitos e defini\u00e7\u00f5es b\u00e1sicas da Cartografia Tem\u00e1tica, de tal forma que","robots":{"index":"index","follow":"follow","max-snippet":"max-snippet:-1","max-image-preview":"max-image-preview:large","max-video-preview":"max-video-preview:-1"},"canonical":"https:\/\/cenedcursos.com.br\/posgraduacao\/produto\/pos-graduacao-em-geoprocessamento\/","og_locale":"pt_BR","og_type":"article","og_title":"P\u00f3s-Gradua\u00e7\u00e3o em Geoprocessamento - Totalmente Online","og_description":"O Curso de P\u00f3s-Gradua\u00e7\u00e3o em Geoprocessamento traz a aplica\u00e7\u00e3o dos conceitos e defini\u00e7\u00f5es b\u00e1sicas da Cartografia Tem\u00e1tica, de tal forma que","og_url":"https:\/\/cenedcursos.com.br\/posgraduacao\/produto\/pos-graduacao-em-geoprocessamento\/","og_site_name":"P\u00f3s-Gradua\u00e7\u00e3o \u00e0 Dist\u00e2ncia...Reconhecidos pelo MEC","article_modified_time":"2022-10-06T18:45:03+00:00","og_image":[{"width":1280,"height":720,"url":"https:\/\/cenedcursos.com.br\/posgraduacao\/wp-content\/uploads\/2021\/02\/pos-em-geoprocessamento.jpg","type":"image\/jpeg"}],"twitter_card":"summary_large_image","twitter_title":"P\u00f3s-Gradua\u00e7\u00e3o em Geoprocessamento - Totalmente Online","twitter_description":"O Curso de P\u00f3s-Gradua\u00e7\u00e3o em Geoprocessamento traz a aplica\u00e7\u00e3o dos conceitos e defini\u00e7\u00f5es b\u00e1sicas da Cartografia Tem\u00e1tica, de tal forma que","twitter_image":"https:\/\/cenedcursos.com.br\/posgraduacao\/wp-content\/uploads\/2021\/02\/pos-em-geoprocessamento.jpg","twitter_misc":{"Est. tempo de leitura":"2 minutos"},"schema":{"@context":"https:\/\/schema.org","@graph":[{"@type":"WebPage","@id":"https:\/\/cenedcursos.com.br\/posgraduacao\/produto\/pos-graduacao-em-geoprocessamento\/","url":"https:\/\/cenedcursos.com.br\/posgraduacao\/produto\/pos-graduacao-em-geoprocessamento\/","name":"P\u00f3s-Gradua\u00e7\u00e3o em Geoprocessamento - Totalmente Online","isPartOf":{"@id":"https:\/\/cenedcursos.com.br\/posgraduacao\/#website"},"primaryImageOfPage":{"@id":"https:\/\/cenedcursos.com.br\/posgraduacao\/produto\/pos-graduacao-em-geoprocessamento\/#primaryimage"},"image":{"@id":"https:\/\/cenedcursos.com.br\/posgraduacao\/produto\/pos-graduacao-em-geoprocessamento\/#primaryimage"},"thumbnailUrl":"https:\/\/cenedcursos.com.br\/posgraduacao\/wp-content\/uploads\/2021\/02\/pos-em-geoprocessamento.jpg","datePublished":"2021-02-18T17:37:54+00:00","dateModified":"2022-10-06T18:45:03+00:00","description":"O Curso de P\u00f3s-Gradua\u00e7\u00e3o em Geoprocessamento traz a aplica\u00e7\u00e3o dos conceitos e defini\u00e7\u00f5es b\u00e1sicas da Cartografia Tem\u00e1tica, de tal forma que","breadcrumb":{"@id":"https:\/\/cenedcursos.com.br\/posgraduacao\/produto\/pos-graduacao-em-geoprocessamento\/#breadcrumb"},"inLanguage":"pt-BR","potentialAction":[{"@type":"ReadAction","target":["https:\/\/cenedcursos.com.br\/posgraduacao\/produto\/pos-graduacao-em-geoprocessamento\/"]}]},{"@type":"ImageObject","inLanguage":"pt-BR","@id":"https:\/\/cenedcursos.com.br\/posgraduacao\/produto\/pos-graduacao-em-geoprocessamento\/#primaryimage","url":"https:\/\/cenedcursos.com.br\/posgraduacao\/wp-content\/uploads\/2021\/02\/pos-em-geoprocessamento.jpg","contentUrl":"https:\/\/cenedcursos.com.br\/posgraduacao\/wp-content\/uploads\/2021\/02\/pos-em-geoprocessamento.jpg","width":1280,"height":720,"caption":"p\u00f3s-gradua\u00e7\u00e3o em geoprocessamento"},{"@type":"BreadcrumbList","@id":"https:\/\/cenedcursos.com.br\/posgraduacao\/produto\/pos-graduacao-em-geoprocessamento\/#breadcrumb","itemListElement":[{"@type":"ListItem","position":1,"name":"Home","item":"https:\/\/cenedcursos.com.br\/posgraduacao\/"},{"@type":"ListItem","position":2,"name":"Cursos","item":"https:\/\/cenedcursos.com.br\/posgraduacao\/todos-os-cursos\/"},{"@type":"ListItem","position":3,"name":"P\u00f3s-Gradua\u00e7\u00e3o em Geoprocessamento"}]},{"@type":"WebSite","@id":"https:\/\/cenedcursos.com.br\/posgraduacao\/#website","url":"https:\/\/cenedcursos.com.br\/posgraduacao\/","name":"P\u00f3s-Gradua\u00e7\u00e3o \u00e0 Dist\u00e2ncia...Reconhecidos pelo MEC","description":"Diversos Cursos de P\u00f3s-Gradua\u00e7\u00e3o a Dist\u00e2ncia Reconhecidos pelo MEC e certificados pela Universidade C\u00e2ndido Mendes (UCAM)","potentialAction":[{"@type":"SearchAction","target":{"@type":"EntryPoint","urlTemplate":"https:\/\/cenedcursos.com.br\/posgraduacao\/?s={search_term_string}"},"query-input":"required name=search_term_string"}],"inLanguage":"pt-BR"}]}},"jetpack_sharing_enabled":true,"_links":{"self":[{"href":"https:\/\/cenedcursos.com.br\/posgraduacao\/wp-json\/wp\/v2\/product\/16708","targetHints":{"allow":["GET"]}}],"collection":[{"href":"https:\/\/cenedcursos.com.br\/posgraduacao\/wp-json\/wp\/v2\/product"}],"about":[{"href":"https:\/\/cenedcursos.com.br\/posgraduacao\/wp-json\/wp\/v2\/types\/product"}],"wp:featuredmedia":[{"embeddable":true,"href":"https:\/\/cenedcursos.com.br\/posgraduacao\/wp-json\/wp\/v2\/media\/16710"}],"wp:attachment":[{"href":"https:\/\/cenedcursos.com.br\/posgraduacao\/wp-json\/wp\/v2\/media?parent=16708"}],"wp:term":[{"taxonomy":"product_brand","embeddable":true,"href":"https:\/\/cenedcursos.com.br\/posgraduacao\/wp-json\/wp\/v2\/product_brand?post=16708"},{"taxonomy":"product_cat","embeddable":true,"href":"https:\/\/cenedcursos.com.br\/posgraduacao\/wp-json\/wp\/v2\/product_cat?post=16708"},{"taxonomy":"product_tag","embeddable":true,"href":"https:\/\/cenedcursos.com.br\/posgraduacao\/wp-json\/wp\/v2\/product_tag?post=16708"}],"curies":[{"name":"wp","href":"https:\/\/api.w.org\/{rel}","templated":true}]}}